{"id":118,"date":"2021-01-06T09:16:36","date_gmt":"2021-01-06T09:16:36","guid":{"rendered":"https:\/\/deine-physio-in-mockau.de\/?page_id=118"},"modified":"2024-05-31T11:59:38","modified_gmt":"2024-05-31T11:59:38","slug":"startseite","status":"publish","type":"page","link":"https:\/\/deine-physio-in-mockau.de\/","title":{"rendered":"Deine Physio in Mockau"},"content":{"rendered":"<p>[et_pb_section fb_built=&#8220;1&#8243; fullwidth=&#8220;on&#8220; _builder_version=&#8220;4.25.1&#8243; _module_preset=&#8220;default&#8220; global_colors_info=&#8220;{}&#8220;][et_pb_fullwidth_image src=&#8220;https:\/\/deine-physio-in-mockau.de\/wp-content\/uploads\/2024\/05\/Physiotheaprie-Leipzig-scaled.jpg&#8220; title_text=&#8220;Design ohne Titel&#8220; src_tablet=&#8220;https:\/\/deine-physio-in-mockau.de\/wp-content\/uploads\/2023\/04\/Deine-Physio-Tablet.jpg&#8220; src_phone=&#8220;https:\/\/deine-physio-in-mockau.de\/wp-content\/uploads\/2023\/04\/Melle-Phone.jpg&#8220; src_last_edited=&#8220;on|tablet&#8220; _builder_version=&#8220;4.25.1&#8243; _module_preset=&#8220;default&#8220; global_colors_info=&#8220;{}&#8220;][\/et_pb_fullwidth_image][\/et_pb_section][et_pb_section fb_built=&#8220;1&#8243; _builder_version=&#8220;4.19.2&#8243; _module_preset=&#8220;default&#8220; background_color=&#8220;gcid-9c09e9ba-59d0-4141-afac-fb881968d518&#8243; custom_margin=&#8220;0px||0px||false|false&#8220; custom_padding=&#8220;0px||0px||true|false&#8220; global_colors_info=&#8220;{%22gcid-9c09e9ba-59d0-4141-afac-fb881968d518%22:%91%22background_color%22%93}&#8220;][et_pb_row _builder_version=&#8220;4.16&#8243; _module_preset=&#8220;default&#8220; custom_margin=&#8220;0px||0px||false|false&#8220; custom_padding=&#8220;15px||15px||true|false&#8220; global_colors_info=&#8220;{}&#8220;][et_pb_column type=&#8220;4_4&#8243; _builder_version=&#8220;4.16&#8243; _module_preset=&#8220;default&#8220; global_colors_info=&#8220;{}&#8220;][et_pb_text _builder_version=&#8220;4.20.4&#8243; _module_preset=&#8220;default&#8220; text_font=&#8220;OpenSans|700|||||||&#8220; text_text_color=&#8220;#FFFFFF&#8220; text_font_size=&#8220;28px&#8220; header_font=&#8220;OpenSans|700|||||||&#8220; header_text_color=&#8220;#000000&#8243; header_2_font=&#8220;Dancing Script|600|||||||&#8220; header_3_font=&#8220;Dancing Script||||||||&#8220; max_width=&#8220;500px&#8220; module_alignment=&#8220;center&#8220; global_colors_info=&#8220;{%22gcid-9c09e9ba-59d0-4141-afac-fb881968d518%22:%91%22header_2_text_color%22,%22header_2_text_color%22%93}&#8220;]<\/p>\n<h1>Deine Physio in Mockau.<\/h1>\n<p>Melanie Ganzauge<\/p>\n<p>[\/et_pb_text][\/et_pb_column][\/et_pb_row][\/et_pb_section][et_pb_section fb_built=&#8220;1&#8243; disabled_on=&#8220;off|off|off&#8220; _builder_version=&#8220;4.19.2&#8243; _module_preset=&#8220;default&#8220; custom_margin=&#8220;0px||0px||true|false&#8220; custom_padding=&#8220;25px||25px||true|false&#8220; global_colors_info=&#8220;{}&#8220;][et_pb_row column_structure=&#8220;1_3,1_3,1_3&#8243; use_custom_gutter=&#8220;on&#8220; gutter_width=&#8220;1&#8243; _builder_version=&#8220;4.19.2&#8243; _module_preset=&#8220;default&#8220; background_color=&#8220;#FFFFFF&#8220; width=&#8220;94%&#8220; width_tablet=&#8220;94%&#8220; width_phone=&#8220;95%&#8220; width_last_edited=&#8220;on|phone&#8220; custom_padding=&#8220;11px||0px||false|false&#8220; pac_drh_column_numbers_tablet=&#8220;pac_drh_tab_col_three&#8220; pac_drh_column_numbers_phone=&#8220;pac_drh_phone_col_two&#8220; global_colors_info=&#8220;{}&#8220;][et_pb_column type=&#8220;1_3&#8243; _builder_version=&#8220;4.16&#8243; _module_preset=&#8220;default&#8220; global_colors_info=&#8220;{}&#8220;][et_pb_blurb title=&#8220;Physiotherapie&#8220; use_icon=&#8220;on&#8220; font_icon=&#8220;&#xf4c2;||fa||900&#8243; admin_label=&#8220;Physiotherapie&#8220; _builder_version=&#8220;4.19.2&#8243; _module_preset=&#8220;a92e02e8-4d91-4aee-ba88-31afb10b2105&#8243; icon_font_size=&#8220;40px&#8220; icon_font_size_tablet=&#8220;&#8220; icon_font_size_phone=&#8220;20px&#8220; icon_font_size_last_edited=&#8220;on|phone&#8220; global_colors_info=&#8220;{}&#8220;][\/et_pb_blurb][\/et_pb_column][et_pb_column type=&#8220;1_3&#8243; _builder_version=&#8220;4.16&#8243; _module_preset=&#8220;default&#8220; global_colors_info=&#8220;{}&#8220;][et_pb_blurb title=&#8220;2 Therapeuten&#8220; use_icon=&#8220;on&#8220; font_icon=&#8220;&#xe08b;||divi||400&#8243; admin_label=&#8220;2 Therapeuten&#8220; _builder_version=&#8220;4.19.2&#8243; _module_preset=&#8220;a92e02e8-4d91-4aee-ba88-31afb10b2105&#8243; icon_font_size=&#8220;40px&#8220; icon_font_size_tablet=&#8220;&#8220; icon_font_size_phone=&#8220;20px&#8220; icon_font_size_last_edited=&#8220;on|phone&#8220; global_colors_info=&#8220;{}&#8220;][\/et_pb_blurb][\/et_pb_column][et_pb_column type=&#8220;1_3&#8243; disabled_on=&#8220;on|off|off&#8220; _builder_version=&#8220;4.19.2&#8243; _module_preset=&#8220;default&#8220; global_colors_info=&#8220;{}&#8220;][et_pb_blurb title=&#8220;Leipzig, Mockau&#8220; use_icon=&#8220;on&#8220; font_icon=&#8220;&#xe081;||divi||400&#8243; admin_label=&#8220;Leipzig, Mockau&#8220; _builder_version=&#8220;4.19.2&#8243; _module_preset=&#8220;a92e02e8-4d91-4aee-ba88-31afb10b2105&#8243; icon_font_size=&#8220;40px&#8220; icon_font_size_tablet=&#8220;&#8220; icon_font_size_phone=&#8220;20px&#8220; icon_font_size_last_edited=&#8220;on|phone&#8220; global_colors_info=&#8220;{}&#8220;][\/et_pb_blurb][\/et_pb_column][\/et_pb_row][et_pb_row column_structure=&#8220;1_3,1_3,1_3&#8243; use_custom_gutter=&#8220;on&#8220; gutter_width=&#8220;1&#8243; _builder_version=&#8220;4.19.2&#8243; _module_preset=&#8220;default&#8220; background_color=&#8220;#FFFFFF&#8220; width=&#8220;94%&#8220; width_tablet=&#8220;94%&#8220; width_phone=&#8220;95%&#8220; width_last_edited=&#8220;on|phone&#8220; custom_padding=&#8220;28px||0px||false|false&#8220; pac_drh_column_numbers_tablet=&#8220;pac_drh_tab_col_three&#8220; pac_drh_column_numbers_phone=&#8220;pac_drh_phone_col_two&#8220; collapsed=&#8220;off&#8220; global_colors_info=&#8220;{}&#8220;][et_pb_column type=&#8220;1_3&#8243; _builder_version=&#8220;4.16&#8243; _module_preset=&#8220;default&#8220; global_colors_info=&#8220;{}&#8220;][et_pb_blurb title=&#8220;moderner Turnraum&#8220; use_icon=&#8220;on&#8220; font_icon=&#8220;&#xf44b;||fa||900&#8243; admin_label=&#8220;moderner Turnraum&#8220; _builder_version=&#8220;4.19.2&#8243; _module_preset=&#8220;a92e02e8-4d91-4aee-ba88-31afb10b2105&#8243; icon_font_size=&#8220;40px&#8220; icon_font_size_tablet=&#8220;&#8220; icon_font_size_phone=&#8220;20px&#8220; icon_font_size_last_edited=&#8220;on|phone&#8220; global_colors_info=&#8220;{}&#8220;][\/et_pb_blurb][\/et_pb_column][et_pb_column type=&#8220;1_3&#8243; _builder_version=&#8220;4.16&#8243; _module_preset=&#8220;default&#8220; global_colors_info=&#8220;{}&#8220;][et_pb_blurb title=&#8220;5 Behandlungsr\u00e4ume&#8220; use_icon=&#8220;on&#8220; font_icon=&#8220;&#xf5bb;||fa||900&#8243; admin_label=&#8220;5 Behandlungsr\u00e4ume&#8220; _builder_version=&#8220;4.19.2&#8243; _module_preset=&#8220;a92e02e8-4d91-4aee-ba88-31afb10b2105&#8243; icon_font_size=&#8220;40px&#8220; icon_font_size_tablet=&#8220;&#8220; icon_font_size_phone=&#8220;20px&#8220; icon_font_size_last_edited=&#8220;on|phone&#8220; global_colors_info=&#8220;{}&#8220;][\/et_pb_blurb][\/et_pb_column][et_pb_column type=&#8220;1_3&#8243; disabled_on=&#8220;on|off|off&#8220; _builder_version=&#8220;4.19.2&#8243; _module_preset=&#8220;default&#8220; global_colors_info=&#8220;{}&#8220;][et_pb_blurb title=&#8220;Erdgeschoss&#8220; use_icon=&#8220;on&#8220; font_icon=&#8220;&#x2c;||divi||400&#8243; admin_label=&#8220;Erdgeschoss&#8220; _builder_version=&#8220;4.19.2&#8243; _module_preset=&#8220;a92e02e8-4d91-4aee-ba88-31afb10b2105&#8243; icon_font_size=&#8220;40px&#8220; icon_font_size_tablet=&#8220;&#8220; icon_font_size_phone=&#8220;20px&#8220; icon_font_size_last_edited=&#8220;on|phone&#8220; global_colors_info=&#8220;{}&#8220;]<\/p>\n<p>Fast barrierefrei (nur 2 Stufen)<\/p>\n<p>[\/et_pb_blurb][\/et_pb_column][\/et_pb_row][et_pb_row column_structure=&#8220;1_3,1_3,1_3&#8243; use_custom_gutter=&#8220;on&#8220; gutter_width=&#8220;1&#8243; disabled_on=&#8220;off|on|on&#8220; admin_label=&#8220;mobil&#8220; _builder_version=&#8220;4.19.2&#8243; _module_preset=&#8220;default&#8220; background_color=&#8220;#FFFFFF&#8220; width=&#8220;94%&#8220; width_tablet=&#8220;94%&#8220; width_phone=&#8220;95%&#8220; width_last_edited=&#8220;on|phone&#8220; custom_padding=&#8220;28px||0px||false|false&#8220; pac_drh_column_numbers_tablet=&#8220;pac_drh_tab_col_three&#8220; pac_drh_column_numbers_phone=&#8220;pac_drh_phone_col_two&#8220; collapsed=&#8220;off&#8220; global_colors_info=&#8220;{}&#8220;][et_pb_column type=&#8220;1_3&#8243; _builder_version=&#8220;4.16&#8243; _module_preset=&#8220;default&#8220; global_colors_info=&#8220;{}&#8220;][et_pb_blurb title=&#8220;Leipzig, Mockau&#8220; use_icon=&#8220;on&#8220; font_icon=&#8220;&#xe081;||divi||400&#8243; admin_label=&#8220;Leipzig, Mockau&#8220; _builder_version=&#8220;4.19.2&#8243; _module_preset=&#8220;a92e02e8-4d91-4aee-ba88-31afb10b2105&#8243; icon_font_size=&#8220;40px&#8220; icon_font_size_tablet=&#8220;&#8220; icon_font_size_phone=&#8220;20px&#8220; icon_font_size_last_edited=&#8220;on|phone&#8220; global_colors_info=&#8220;{}&#8220;][\/et_pb_blurb][\/et_pb_column][et_pb_column type=&#8220;1_3&#8243; _builder_version=&#8220;4.16&#8243; _module_preset=&#8220;default&#8220; global_colors_info=&#8220;{}&#8220;][et_pb_blurb title=&#8220;Erdgeschoss&#8220; use_icon=&#8220;on&#8220; font_icon=&#8220;&#x2c;||divi||400&#8243; admin_label=&#8220;Erdgeschoss&#8220; _builder_version=&#8220;4.19.2&#8243; _module_preset=&#8220;a92e02e8-4d91-4aee-ba88-31afb10b2105&#8243; icon_font_size=&#8220;40px&#8220; icon_font_size_tablet=&#8220;&#8220; icon_font_size_phone=&#8220;20px&#8220; icon_font_size_last_edited=&#8220;on|phone&#8220; global_colors_info=&#8220;{}&#8220;]<\/p>\n<p>Fast barrierefrei (nur 2 Stufen)<\/p>\n<p>[\/et_pb_blurb][\/et_pb_column][et_pb_column type=&#8220;1_3&#8243; _builder_version=&#8220;4.16&#8243; _module_preset=&#8220;default&#8220; global_colors_info=&#8220;{}&#8220;][\/et_pb_column][\/et_pb_row][\/et_pb_section][et_pb_section fb_built=&#8220;1&#8243; admin_label=&#8220;Inhalt 1&#8243; _builder_version=&#8220;4.19.2&#8243; _module_preset=&#8220;default&#8220; background_color=&#8220;#f2f2f2&#8243; custom_padding=&#8220;6px||6px||false|false&#8220; global_colors_info=&#8220;{}&#8220;][et_pb_row column_structure=&#8220;1_2,1_2&#8243; make_equal=&#8220;on&#8220; _builder_version=&#8220;4.20.4&#8243; _module_preset=&#8220;default&#8220; pac_drh_enable_stacking=&#8220;pac_drh_stack_row pac_drh_stack_tab_mob&#8220; global_colors_info=&#8220;{}&#8220;][et_pb_column type=&#8220;1_2&#8243; _builder_version=&#8220;4.20.4&#8243; _module_preset=&#8220;default&#8220; custom_css_main_element=&#8220;display: flex;||flex-direction: column;||justify-content: center;&#8220; pac_drh_add_staking_order_tab=&#8220;pac_drh_order_tab_two&#8220; pac_drh_add_staking_order_mob=&#8220;pac_drh_order_mob_two&#8220; global_colors_info=&#8220;{}&#8220;][et_pb_text _builder_version=&#8220;4.19.4&#8243; _module_preset=&#8220;default&#8220; header_2_font_size=&#8220;23px&#8220; custom_margin=&#8220;||15px|||&#8220; global_colors_info=&#8220;{%22gcid-1c3d900e-23c0-4c26-8324-c8050c3cb4c4%22:%91%22header_text_color%22%93}&#8220;]<\/p>\n<h2>Willkommen bei &#8222;Deine Physio in Mockau&#8220;<\/h2>\n<p>Unsere moderne Praxis in Leipzig bietet eine breite Palette an Therapieoptionen, von manueller Therapie und Manuelle Lymphdrainage bis hin zu Krankengymnastik, PNF und Klassischen Massagetherapie. Wir arbeiten eng mit \u00c4rzten und anderen Gesundheitsexperten zusammen, um Ihnen die bestm\u00f6gliche Behandlung zu bieten. Kontaktieren Sie uns noch heute, um einen Termin zu vereinbaren und f\u00fchlen Sie sich wieder fit und gesund.<\/p>\n<p>[\/et_pb_text][et_pb_button button_url=&#8220;https:\/\/deine-physio-in-mockau.de\/leistungen&#8220; button_text=&#8220;Zu unseren Leistungen&#8220; _builder_version=&#8220;4.19.4&#8243; _module_preset=&#8220;default&#8220;][\/et_pb_button][\/et_pb_column][et_pb_column type=&#8220;1_2&#8243; _builder_version=&#8220;4.20.4&#8243; _module_preset=&#8220;default&#8220; custom_css_main_element=&#8220;display: flex;||flex-direction: column;||justify-content: center;&#8220; pac_drh_add_staking_order_tab=&#8220;pac_drh_order_tab_one&#8220; pac_drh_add_staking_order_mob=&#8220;pac_drh_order_mob_one&#8220; global_colors_info=&#8220;{}&#8220;][et_pb_image src=&#8220;https:\/\/deine-physio-in-mockau.de\/wp-content\/uploads\/2023\/04\/Physiotherapie-Leipzig-Mockau23.jpg&#8220; title_text=&#8220;Physiotherapie Leipzig Mockau23&#8243; _builder_version=&#8220;4.20.4&#8243; _module_preset=&#8220;default&#8220; custom_margin=&#8220;||0px||false|false&#8220; custom_padding=&#8220;||0px||false|false&#8220; border_radii=&#8220;on|6px|6px|6px|6px&#8220; global_colors_info=&#8220;{}&#8220;][\/et_pb_image][et_pb_text _builder_version=&#8220;4.20.4&#8243; _module_preset=&#8220;default&#8220; text_orientation=&#8220;center&#8220; global_colors_info=&#8220;{}&#8220;]Inhaberin Melanie Ganzauge[\/et_pb_text][\/et_pb_column][\/et_pb_row][et_pb_row _builder_version=&#8220;4.25.1&#8243; _module_preset=&#8220;default&#8220; column_structure=&#8220;1_2,1_2&#8243; use_custom_gutter=&#8220;on&#8220; gutter_width=&#8220;2&#8243; hover_enabled=&#8220;0&#8243; sticky_enabled=&#8220;0&#8243; custom_padding=&#8220;0px||0px||true|false&#8220;][et_pb_column _builder_version=&#8220;4.25.1&#8243; _module_preset=&#8220;default&#8220; type=&#8220;1_2&#8243;][et_pb_image src=&#8220;https:\/\/deine-physio-in-mockau.de\/wp-content\/uploads\/2024\/05\/Physiotherapie-Leipzig-Mockau3L2A7039-HDR.jpg&#8220; _builder_version=&#8220;4.25.1&#8243; _module_preset=&#8220;default&#8220; title_text=&#8220;Physiotherapie Leipzig Mockau3L2A7039-HDR&#8220; hover_enabled=&#8220;0&#8243; sticky_enabled=&#8220;0&#8243;][\/et_pb_image][\/et_pb_column][et_pb_column _builder_version=&#8220;4.25.1&#8243; _module_preset=&#8220;default&#8220; type=&#8220;1_2&#8243;][et_pb_image src=&#8220;https:\/\/deine-physio-in-mockau.de\/wp-content\/uploads\/2024\/05\/Physiotherapie-Leipzig-Mockau3L2A6940-HDR.jpg&#8220; _builder_version=&#8220;4.25.1&#8243; _module_preset=&#8220;default&#8220; title_text=&#8220;Physiotherapie Leipzig Mockau3L2A6940-HDR&#8220; hover_enabled=&#8220;0&#8243; sticky_enabled=&#8220;0&#8243;][\/et_pb_image][\/et_pb_column][\/et_pb_row][et_pb_row _builder_version=&#8220;4.25.1&#8243; _module_preset=&#8220;default&#8220; column_structure=&#8220;1_2,1_2&#8243; use_custom_gutter=&#8220;on&#8220; gutter_width=&#8220;2&#8243; hover_enabled=&#8220;0&#8243; sticky_enabled=&#8220;0&#8243;][et_pb_column _builder_version=&#8220;4.25.1&#8243; _module_preset=&#8220;default&#8220; type=&#8220;1_2&#8243;][et_pb_image src=&#8220;https:\/\/deine-physio-in-mockau.de\/wp-content\/uploads\/2024\/05\/Physiotherapie-Leipzig-Mockau3L2A7031-HDR-links-regal-wegwchneiden.jpg&#8220; _builder_version=&#8220;4.25.1&#8243; _module_preset=&#8220;default&#8220; title_text=&#8220;Physiotherapie Leipzig Mockau3L2A7031-HDR-links regal wegwchneiden&#8220; hover_enabled=&#8220;0&#8243; sticky_enabled=&#8220;0&#8243;][\/et_pb_image][\/et_pb_column][et_pb_column _builder_version=&#8220;4.25.1&#8243; _module_preset=&#8220;default&#8220; type=&#8220;1_2&#8243;][et_pb_image src=&#8220;https:\/\/deine-physio-in-mockau.de\/wp-content\/uploads\/2024\/05\/Physiotherapie-Leipzig-Mockau3L2A6983-HDR-kabelrwchtsweg.jpg&#8220; _builder_version=&#8220;4.25.1&#8243; _module_preset=&#8220;default&#8220; title_text=&#8220;Physiotherapie Leipzig Mockau3L2A6983-HDR-kabelrwchtsweg&#8220; hover_enabled=&#8220;0&#8243; sticky_enabled=&#8220;0&#8243;][\/et_pb_image][\/et_pb_column][\/et_pb_row][\/et_pb_section][et_pb_section fb_built=&#8220;1&#8243; _builder_version=&#8220;4.24.2&#8243; _module_preset=&#8220;default&#8220; background_color=&#8220;rgba(153,204,153,0.23)&#8220; custom_padding=&#8220;0px||0px||true|false&#8220; global_colors_info=&#8220;{}&#8220;][et_pb_row _builder_version=&#8220;4.24.2&#8243; _module_preset=&#8220;default&#8220; global_colors_info=&#8220;{}&#8220;][et_pb_column type=&#8220;4_4&#8243; _builder_version=&#8220;4.24.2&#8243; _module_preset=&#8220;default&#8220; global_colors_info=&#8220;{}&#8220;][et_pb_image src=&#8220;https:\/\/deine-physio-in-mockau.de\/wp-content\/uploads\/2024\/03\/jobsuche-leipzig-physiotherapeuth.jpg&#8220; title_text=&#8220;jobsuche-leipzig-physiotherapeuth&#8220; url=&#8220;https:\/\/deine-physio-in-mockau.de\/job\/physiotherapeut-m-w-d-leipzig\/&#8220; _builder_version=&#8220;4.24.2&#8243; _module_preset=&#8220;default&#8220; max_width=&#8220;600px&#8220; module_alignment=&#8220;center&#8220; animation_style=&#8220;zoom&#8220; border_radii=&#8220;on|3px|3px|3px|3px&#8220; global_colors_info=&#8220;{}&#8220;][\/et_pb_image][\/et_pb_column][\/et_pb_row][\/et_pb_section]<\/p>\n","protected":false},"excerpt":{"rendered":"<p>Deine Physio in Mockau. Melanie GanzaugeFast barrierefrei (nur 2 Stufen)Fast barrierefrei (nur 2 Stufen)Willkommen bei &#8222;Deine Physio in Mockau&#8220; Unsere moderne Praxis in Leipzig bietet eine breite Palette an Therapieoptionen, von manueller Therapie und Manuelle Lymphdrainage bis hin zu Krankengymnastik, PNF und Klassischen Massagetherapie. Wir arbeiten eng mit \u00c4rzten und anderen Gesundheitsexperten zusammen, um Ihnen [&hellip;]<\/p>\n","protected":false},"author":1,"featured_media":0,"parent":0,"menu_order":0,"comment_status":"closed","ping_status":"closed","template":"","meta":{"_acf_changed":false,"_et_pb_use_builder":"on","_et_pb_old_content":"","_et_gb_content_width":"","footnotes":""},"categories":[],"tags":[],"difl_page_category":[],"class_list":["post-118","page","type-page","status-publish","hentry"],"acf":[],"yoast_head":"<!-- This site is optimized with the Yoast SEO plugin v26.6 - https:\/\/yoast.com\/wordpress\/plugins\/seo\/ -->\n<title>Deine Physio in Mockau - Physiotherapie Leipzig<\/title>\n<meta name=\"description\" content=\"Wir bieten eine breite Palette an Therapieoptionen, von manueller Therapie und Manuelle Lymphdrainage bis hin zu Krankengymnastik, PNF und Klassischen Massagetherapie.\" \/>\n<meta name=\"robots\" content=\"index, follow, max-snippet:-1, max-image-preview:large, max-video-preview:-1\" \/>\n<link rel=\"canonical\" href=\"https:\/\/deine-physio-in-mockau.de\/\" \/>\n<meta property=\"og:locale\" content=\"de_DE\" \/>\n<meta property=\"og:type\" content=\"article\" \/>\n<meta property=\"og:title\" content=\"Deine Physio in Mockau - Physiotherapie Leipzig\" \/>\n<meta property=\"og:description\" content=\"Wir bieten eine breite Palette an Therapieoptionen, von manueller Therapie und Manuelle Lymphdrainage bis hin zu Krankengymnastik, PNF und Klassischen Massagetherapie.\" \/>\n<meta property=\"og:site_name\" content=\"Deine Physio in Mockau\" \/>\n<meta property=\"article:modified_time\" content=\"2024-05-31T11:59:38+00:00\" \/>\n<meta name=\"twitter:card\" content=\"summary_large_image\" \/>\n<!-- \/ Yoast SEO plugin. -->","yoast_head_json":{"title":"Deine Physio in Mockau - Physiotherapie Leipzig","description":"Wir bieten eine breite Palette an Therapieoptionen, von manueller Therapie und Manuelle Lymphdrainage bis hin zu Krankengymnastik, PNF und Klassischen Massagetherapie.","robots":{"index":"index","follow":"follow","max-snippet":"max-snippet:-1","max-image-preview":"max-image-preview:large","max-video-preview":"max-video-preview:-1"},"canonical":"https:\/\/deine-physio-in-mockau.de\/","og_locale":"de_DE","og_type":"article","og_title":"Deine Physio in Mockau - Physiotherapie Leipzig","og_description":"Wir bieten eine breite Palette an Therapieoptionen, von manueller Therapie und Manuelle Lymphdrainage bis hin zu Krankengymnastik, PNF und Klassischen Massagetherapie.","og_site_name":"Deine Physio in Mockau","article_modified_time":"2024-05-31T11:59:38+00:00","twitter_card":"summary_large_image","schema":{"@context":"https:\/\/schema.org","@graph":[{"@type":"WebPage","@id":"https:\/\/deine-physio-in-mockau.de\/","url":"https:\/\/deine-physio-in-mockau.de\/","name":"Deine Physio in Mockau - Physiotherapie Leipzig","isPartOf":{"@id":"https:\/\/deine-physio-in-mockau.de\/#website"},"datePublished":"2021-01-06T09:16:36+00:00","dateModified":"2024-05-31T11:59:38+00:00","description":"Wir bieten eine breite Palette an Therapieoptionen, von manueller Therapie und Manuelle Lymphdrainage bis hin zu Krankengymnastik, PNF und Klassischen Massagetherapie.","breadcrumb":{"@id":"https:\/\/deine-physio-in-mockau.de\/#breadcrumb"},"inLanguage":"de","potentialAction":[{"@type":"ReadAction","target":["https:\/\/deine-physio-in-mockau.de\/"]}]},{"@type":"BreadcrumbList","@id":"https:\/\/deine-physio-in-mockau.de\/#breadcrumb","itemListElement":[{"@type":"ListItem","position":1,"name":"Startseite","item":"https:\/\/deine-physio-in-mockau.de\/"},{"@type":"ListItem","position":2,"name":"Deine Physio in Mockau"}]},{"@type":"WebSite","@id":"https:\/\/deine-physio-in-mockau.de\/#website","url":"https:\/\/deine-physio-in-mockau.de\/","name":"Deine Physio in Mockau","description":"Physiotherapie Leipzig Melanie Ganzauge","potentialAction":[{"@type":"SearchAction","target":{"@type":"EntryPoint","urlTemplate":"https:\/\/deine-physio-in-mockau.de\/?s={search_term_string}"},"query-input":{"@type":"PropertyValueSpecification","valueRequired":true,"valueName":"search_term_string"}}],"inLanguage":"de"}]}},"_links":{"self":[{"href":"https:\/\/deine-physio-in-mockau.de\/index.php?rest_route=\/wp\/v2\/pages\/118","targetHints":{"allow":["GET"]}}],"collection":[{"href":"https:\/\/deine-physio-in-mockau.de\/index.php?rest_route=\/wp\/v2\/pages"}],"about":[{"href":"https:\/\/deine-physio-in-mockau.de\/index.php?rest_route=\/wp\/v2\/types\/page"}],"author":[{"embeddable":true,"href":"https:\/\/deine-physio-in-mockau.de\/index.php?rest_route=\/wp\/v2\/users\/1"}],"replies":[{"embeddable":true,"href":"https:\/\/deine-physio-in-mockau.de\/index.php?rest_route=%2Fwp%2Fv2%2Fcomments&post=118"}],"version-history":[{"count":5,"href":"https:\/\/deine-physio-in-mockau.de\/index.php?rest_route=\/wp\/v2\/pages\/118\/revisions"}],"predecessor-version":[{"id":3421,"href":"https:\/\/deine-physio-in-mockau.de\/index.php?rest_route=\/wp\/v2\/pages\/118\/revisions\/3421"}],"wp:attachment":[{"href":"https:\/\/deine-physio-in-mockau.de\/index.php?rest_route=%2Fwp%2Fv2%2Fmedia&parent=118"}],"wp:term":[{"taxonomy":"category","embeddable":true,"href":"https:\/\/deine-physio-in-mockau.de\/index.php?rest_route=%2Fwp%2Fv2%2Fcategories&post=118"},{"taxonomy":"post_tag","embeddable":true,"href":"https:\/\/deine-physio-in-mockau.de\/index.php?rest_route=%2Fwp%2Fv2%2Ftags&post=118"},{"taxonomy":"difl_page_category","embeddable":true,"href":"https:\/\/deine-physio-in-mockau.de\/index.php?rest_route=%2Fwp%2Fv2%2Fdifl_page_category&post=118"}],"curies":[{"name":"wp","href":"https:\/\/api.w.org\/{rel}","templated":true}]}}